e second derivative of 7*a**5/60 - a**4/4 + a**3/6 - 2*a. Let m(i) be the second derivative of n(i). Is 20 a factor of m(6)?
False
Let r = -882 - -1599. Is 24 a factor of r?
False
Let i(r) = -15 + 14*r - 22*r - 11*r**2 + 12*r**2. Is 44 a factor of i(-10)?
False
Suppose -5*l + 115 = -4*v, 2*v + 2*v = -4*l + 56. Let s(h) = 8*h + 89. Does 44 divide s(l)?
False
Suppose -3*k = -8*k - 15. Is (k - -1 - -18) + -4 a multiple of 8?
False
Does 142 divide (-485580)/(-570) + (-2)/(-19)?
True
Does 15 divide (-107933)/51*(-36)/21?
False
Is (-8)/(-64) + (17182/16 - 0) a multiple of 18?
False
Let j be 6/(-9) - (-153)/27. Suppose -2*x = -j*i + 431, -i + 4*i + 4*x - 243 = 0. Does 17 divide i?
True
Suppose 0 = 3*n + 2*s - 5, -3*s + 2 = -10. Let w be (0/(-3))/(-2 - n). Suppose -3*g - 5*j = -67, -4*j = -5*g - w*g + 124. Is g a multiple of 8?
True
Let x(y) = -2 - 2*y - 11 - 8. Is 5 a factor of x(-16)?
False
Suppose 3*d + 5*p - 19 = 0, d - 4*p = -d - 24. Let f be 1/d*(-66)/11. Let o = f + 16. Is 7 a factor of o?
False
Let z = 0 - 4. Let r(i) = -5*i**3 - 3*i**2 - 5*i + 3. Let o be r(z). Suppose 3*j - 2*f = o, 4*j - f = 3*f + 392. Is 33 a factor of j?
True
Suppose -4813 = -2*w - 1161. Is w a multiple of 70?
False
Let u = -4370 - -6716. Is 8 a factor of u?
False
Let z be (-2)/((-7)/(-3) - 3). Suppose z*j + 50 = -3*n - 61, 3*j + 2*n = -112. Let q = -26 - j. Does 4 divide q?
True
Let b(d) = -7*d**3 + d**2 + 3*d + 1. Let a be b(-2). Suppose 9*q - 4*q - a = 0. Let m = 37 - q. Does 8 divide m?
False
Let w be 34/10 + 6/(-15). Let p(h) = h**2 - 2*h - 1. Let t be p(w). Suppose -5*j + 5*g + 95 = 0, -2 - 8 = -t*g. Is j a multiple of 14?
False
Does 32 divide (64/(-3))/(56/(-9) - -6)?
True
Let v(h) = h + 8. Let s(u) = -2*u - 9. Let w(p) = -4*s(p) - 6*v(p). Is w(12) a multiple of 6?
True
Suppose -3*s + 49 - 7 = 0. Let h = 22 - s. Suppose -28 = -5*c - h. Is 2 a factor of c?
True
Let c be 138/3 + -1 - -3. Suppose r + c = 3*r. Let h = r + -2. Is 7 a factor of h?
False
Let t = 981 - 665. Is 6 a factor of t?
False
Let z(u) be the second derivative of -u**5/20 - 5*u**4/4 - u**3 - 2*u**2 + 9*u. Is 15 a factor of z(-15)?
False
Let x be 1*(33 - 8/(-2)). Let w = 68 + x. Is 35 a factor of w?
True
Let o = 674 - 454. Does 10 divide o?
True
Suppose 4*u - 9*u = -2340. Is u a multiple of 26?
True
Let p be (12/(-10))/(8/(-20)). Suppose 127 = p*a - 194. Suppose -5*f - y + 57 = -a, 112 = 4*f - 4*y. Is f a multiple of 11?
False
Let i(y) = -57*y + 37. Is 8 a factor of i(-5)?
False
Suppose -4*z = 22 - 74. Let x be 20/(-130) - 4/(-26) - -41. Let l = x - z. Is l a multiple of 7?
True
Let s(t) = 131*t - 201. Is 5 a factor of s(6)?
True
Let k = 16 - 14. Is (-1530)/60*k*-1 a multiple of 15?
False
Suppose -2*w + 9 = -1. Let h(u) be the third derivative of u**6/120 - u**5/15 + u**4/8 - 557*u**2. Is h(w) a multiple of 10?
True
Let y(p) = 3*p**2 - 3*p. Let j(z) = z**3 + 6*z**2 - 6*z + 9. Let g(k) = k**2 + 10*k - 7. Let c be g(-10). Let a be j(c). Does 6 divide y(a)?
True
Suppose -3*c + 0*i + 4*i - 8 = 0, -3*c + i - 2 = 0. Suppose -f = -c*f - 18. Does 3 divide f?
True
Let d = -25 - -31. Let t = 7 - d. Is 13 a factor of (t + -8)*(-156)/14?
True
Let p(j) = 198*j**2 - j - 4. Let b be p(-2). Suppose 11*v - 16*v + b = 0. Suppose 2*k + 3*n = 80, -k + v = 3*k + 5*n. Is 11 a factor of k?
False
Let c = 378 - -210. Suppose 4*v + c = 8*v. Does 9 divide v?
False
Let d(y) = -y**3 - 2*y**2 + 5*y + 11. Let t = -3 - 0. Let n(a) = -a**3 - a**2 + 2*a + 5. Let o(l) = t*d(l) + 7*n(l). Is o(-2) a multiple of 14?
False
Suppose -z + l + 2269 = 3*z, z + 5*l = 583. Does 71 divide z?
True
Let x = 398 + -213. Does 4 divide x?
False
Let m = -8 - -8. Suppose -5*f = a - 6*a - 195, 4*f + 2*a - 162 = m. Is f a multiple of 5?
True
Does 6 divide (996/18)/((-6)/(-9))?
False
Suppose -49880 = -11*t - 32*t. Is t a multiple of 58?
True
Is 16 a factor of (3328/12)/((-16)/(-48))?
True
Suppose 0 = -3*x - 5*x + 40. Suppose -x*t + 249 = 79. Is 8 a factor of t?
False
Let h = 9 + -7. Suppose -h*k = -2*v - 3*v - 9, 5*k - 2*v - 12 = 0. Suppose -5*a = -15, -13 = -k*b - 2*a + 5. Is 3 a factor of b?
True
Let g(n) be the second derivative of 1/2*n**2 - 2*n + 13/3*n**3 + 0. Does 9 divide g(1)?
True
Let k = -1 - 1. Let s(n) = -4*n**2 + 16*n + 9. Let p(b) = 3*b**2 - 15*b - 8. Let u(a) = k*s(a) - 3*p(a). Is 18 a factor of u(10)?
True
Suppose -2*y + 2*p = 4*p - 14, -3*y + 4*p = 0. Suppose 2*b = 2*x + 16, 5*b = -y*x + 53 + 5. Suppose 5*u - b = 0, 0*i + 5*i - 5*u = 220. Does 14 divide i?
False
Let n = -2 + -1. Let c(s) be the third derivative of s**5/30 + s**4/24 - 2*s**3/3 - 30*s**2. Does 11 divide c(n)?
True
Suppose -1304 + 300 = -4*o. Does 7 divide o?
False
Let r(a) = -10*a + 7. Let l be (-1456)/234 + 2/9. Does 21 divide r(l)?
False
Let x(h) = 23*h + 57. Is 12 a factor of x(6)?
False
Suppose -3*s + 3 = -0*s. Let f be (-24)/(-4) - 9/3. Is 7 a factor of s/f - (-992)/48?
True
Let q(k) = -k**2 - 4*k - 3. Let c be q(-2). Let p be c/((-2)/(-259 - -1)). Suppose -p = -5*g - 9. Is 6 a factor of g?
True
Suppose 3*i - 11 = -g, -3*g = 2*g + 3*i - 31. Let q = g + 33. Is q a multiple of 18?
False
Suppose 4*p = -0*p + s + 958, -4*p + 952 = -4*s. Does 16 divide p?
True
Let k(c) = 4*c**2 + 68*c + 342. Is 17 a factor of k(-5)?
True
Let l = -4727 + 7241. Is l a multiple of 18?
False
Suppose 4*j = -0*j + 24. Suppose 0 = m - 17 - j. Suppose -265 = -3*y + m. Is y a multiple of 16?
True
Let v be (-3)/12 + 69/(-12). Let n = -12 - v. Is 19 a factor of (8/n)/((-4)/114)?
True
Suppose -7*j - j = -40. Let a be (106 - 1) + (-3)/3. Suppose -q = 4, -q + a = j*p - 2*q. Is 11 a factor of p?
False
Suppose 2*v - 14 = 10. Suppose -2*i - v = 2*i. Is ((-20)/(-8) + i)*-104 a multiple of 13?
True
Is 2/(-6) + 99246/63 a multiple of 75?
True
Let a(l) = 9*l**2 + 8*l + 54. Is a(-7) a multiple of 8?
False
Let z = -13 + 11. Does 9 divide z/(-17) - (-3660)/102?
True
Suppose -2*i + 8 = 2*i. Suppose i*j + 2 = -2*q - 0, -5*q - 3*j + 1 = 0. Is q even?
True
Let f = -207 + 571. Is f a multiple of 28?
True
Let n(u) = -2*u**3 + u**2 + 32*u + 136. Is 8 a factor of n(-4)?
True
Suppose 0 = b - 6*w - 3680, 5*b = -w + 13348 + 5052. Is b a multiple of 46?
True
Let y = 368 + -317. Does 51 divide y?
True
Suppose 7*j - 3*j + 2*a - 160 = 0, -4*a + 47 = j. Let y = 9 + j. Suppose 5*o - 65 - y = -t, -2*o + 32 = -4*t. Is o a multiple of 5?
False
Let q be (-12)/42 - (-46)/14. Suppose -q*y + 37 = -230. Is 13 a factor of y?
False
Let j be (-4)/(-14) + (-15)/(-21). Is (-2)/j + 13 + 39 a multiple of 10?
True
Let p(o) = -o**3 + 9*o**2 - 7*o - 4. Let z be p(8). Suppose 198 = z*h - 230. Let w = -66 + h. Is 11 a factor of w?
False
Let w = -88 + 128. Suppose f - w = 4*a, a + 154 = 5*f + 30. Is f a multiple of 6?
True
Suppose -4*c - 1 = -13. Suppose 3*i - 42 = -c. Let m = i + 7. Is 5 a factor of m?
True
Let q = -108 - -516. Is 12 a factor of q?
True
Let s be 84/10 - 4/10. Let x be (9 - 2) + -2*2. Suppose -s*j + x*j + 350 = 0. Is 10 a factor of j?
True
Let f(k) = k**3 - 16*k**2 + 19*k + 1. Suppose -7*u = -3*j - 5*u, 0 = 2*j + 2*u. Let l be -1*(j/(-2) - 15). Is f(l) a multiple of 29?
False
Let n(j) be the first derivative of 2 + 1/4*j**4 - 10*j + 4*j**3 - 15/2*j**2. Is n(-13) a multiple of 4?
True
Let k(j) = j**3 + 13*j**2 + 14*j + 12. Let g be k(-12). Is 10 a factor of g/(-30) + (-48)/(-5)?
True
Suppose 36*l + 385 = 3769. Is 38 a factor of l?
False
Let i = -3984 - -5650. Is 14 a factor of i?
True
Let r(s) = -8*s**2 + s. Suppose 3 = -4*x + 5*p - 6*p, -p = -5*x - 6. Let v be r(x). Is (8 - -1) + (-11 - v) even?
False
Let g = -2055 + 3203. Is g a multiple of 7?
True
Let k(u) = -7*u**3 - 3*u**2 - u + 5. Is 22 a factor of k(-7)?
True
Let j(k) = k**2 - 29*k + 47. Does 33 divide j(34)?
False
Let t = -68 + 96. Does 20 divide 30*(-7)/t*32/(-6)?
True
Suppose n - 7 - 10 = 0. Suppose n = -t + 1. Is (13 + 1)/((-8)/t) a multiple of 14?
True
Let h(f) = 3*f - 10. Let l be h(4). Suppose 0 = -o - 3*k + 41, 4*o - l*k - 107 = 127. Does 28 divide o?
True
Is ((-225)/12)/(-6 - 858/(-144)) a multiple of 18?
True
Suppose 0 = 2*i - 7 - 43. Suppose 29 = 3*g - i. Is g a multiple of 4?
False
Let b(z) be the first derivative of -9*z + 9/2*z**2 - 5 + 1/3*z**3. Does 27 divide b(6)?
True
Let b be 22/4 + 1/(-2). Suppose -b*u = -956 - 424. Suppose 2*o = -3*d + 171, -5*o + 2*o = -